- 25. Let x(z) = -z**2 + 7*z - 25. Give x(h).
-15
Let m(b) = 0 + 0 - 2*b. Suppose 0 = -13*s + 269 - 35. Suppose s*g + 76 + 14 = 0. Calculate m(g).
10
Let w(f) = 116*f**2 + 130*f - 602. Let m(v) = 33*v**2 + 43*v - 201. Let n(y) = -7*m(y) + 2*w(y). What is n(6)?
-7
Let a(f) = f**3 - 5*f**2 - 7*f + 1. Let l(j) be the third derivative of 1/60*j**5 + 0 + 1/8*j**4 - 2*j**3 - 2*j**2 + 0*j. Let c be l(-6). What is a(c)?
-5
Let n be (321 - 311) + 1/((-1)/7). Let y(z) = -32*z + 2. What is y(n)?
-94
Let i(a) = -25*a**2 + 6*a - 81. Let v(c) = 14*c**2 - 2*c + 40. Let z(d) = -5*i(d) - 9*v(d). What is z(-14)?
17
Let d be (1/3)/(23/621). Let z(y) = y + 6. Calculate z(d).
15
Suppose 208*u = 197*u + 4807. Let v = u - 435. Let z(o) be the third derivative of -o**6/120 + o**4/24 + o**3/3 - o**2. Calculate z(v).
-4
Let j be (-3285)/(-126) - (-2)/(-28). Let a(f) = 3*f - 83. Calculate a(j).
-5
Suppose 4*f = 19 + 309. Suppose -f*u - 208 = -78*u. Let g be 0 + 0/2 - u/26. Let s(o) = -o**2 + 2*o - 3. Calculate s(g).
-3
Let v(b) = -b**3 - 7*b**2 + b - 10. Suppose 3*k + 3*u + 36 = 0, -6*u + 7*u = -4. Calculate v(k).
46
Let v(p) = 1453016*p**2 + 2*p**3 - 1453007*p**2 - 3*p**3 + 5*p + 49. What is v(10)?
-1
Let x(t) = 6 - 1 - 1 + 12*t. Let z(h) = 32*h + 60. Let j be z(-2). Let d(v) = 37*v + 11. Let q(u) = j*d(u) + 11*x(u). Determine q(-1).
16
Let t(o) = -o - 2. Let v = -29 + 29. Let n = 10 + v. Suppose -4*x - n = 10. Give t(x).
3
Suppose 3*q - 15 = 0, 1300 = 2*n - 3*q + q. Suppose -a - 4*a + n = -5*y, -2*y - 277 = a. Let d = -124 - y. Let t(x) = -x**2 + 10*x + 16. Give t(d).
-8
Let q(s) = -s**2 - 9*s - 22. Let b = 15444 - 15450. Calculate q(b).
-4
Let l(c) = c**3 - 13*c**2 - 9*c - 43. Let q be l(14). Suppose 0 = -u + 4*r + q, 6*u - r - 59 = u. Let p(k) = -k**3 + 12*k**2 - 13*k + 12. What is p(u)?
-10
Let o be 1 + 3/(-1) + 3. Let y(p) = -2*p**2 - p - 6*p + 0*p - o - 5*p**2 + p**3. Suppose 4*g = -8*m + 3*m + 52, 38 = 4*m + 2*g. Give y(m).
7
Suppose -4*j - 53 = w, w - 3*j - 49 = 2*w. Let i be (-5 - w/5)*5/2. Let a(h) = -h**2 + 5*h - 4. Determine a(i).
-10
Let t be 680/6*(-12)/(-8). Let n be t/(-50) + 6/(-10). Let y(f) = -f**3 - 5*f**2 - 6*f - 4. Determine y(n).
4
Suppose 20*c - 330 - 50 = 0. Let w(z) = 27 - 12 - c + z - 8*z. Calculate w(-3).
17
Suppose -2*x + 38 = -5*b, -171*x - 2*b - 17 = -170*x. Let l(t) = 28*t**3. Calculate l(x).
-28
Let a(c) be the second derivative of c**5/60 - 31*c**3/6 - c**2 + 3*c + 3. Let m(z) be the second derivative of a(z). Determine m(-4).
-8
Let x(h) = 32*h**2 + 223*h - 11. Let s be x(-7). Let o(a) = -a**3 - 2*a**2 - 4*a - 4. What is o(s)?
44
Let t(h) = -338 + 21*h + 618 - 118 + 289 + 417. What is t(-41)?
7
Let o(v) be the third derivative of -3*v**4/8 - 9*v**3/2 + 1212*v**2 - 2. Determine o(-3).
0
Let y = 412 - 408. Suppose 0 = 5*b - 2*s + 51, -3*b - 11 = y*s + 4. Let r(g) = -5*g - g + 3*g - 10 + 2*g. Determine r(b).
-1
Let h = -10 + 7. Let u(f) be the second derivative of -f**5/24 - f**4/12 + 8*f**3 + f**2/2 - 85*f. Let l(s) be the second derivative of u(s). What is l(h)?
13
Let g(o) = -o**3 + o**2 + o + 15. Let f(v) = v + 5. Let i be f(-4). Let d be ((-9)/3 + i)*-8. Suppose 2*p + 4*k = -d, -p = -k - 3 - 1. Give g(p).
15
Let z(o) = -o - 1. Let t(s) = 5*s - 2. Let w(b) = -t(b) - 3*z(b). Suppose 128 = 104*n - 136*n. What is w(n)?
13
Let o(u) = -3*u + 8 + 3*u + 6 + u. What is o(0)?
14
Let v(g) = -g**3 + 13*g**2 - 8*g - 11. Suppose -5*l = -10*l + 60. What is v(l)?
37
Let b(z) = 2*z**2 - 3892 - z - 4*z + 3895. Let o = -21 + -40. Let k = -57 - o. Determine b(k).
15
Suppose 54 = 8*a - 18 - 64. Let d(z) = 3*z + 5. Give d(a).
56
Let m(y) be the first derivative of -8*y**2 - 36*y - 189. Calculate m(-3).
12
Let c be ((-3)/(-2))/(3/(-2)*48/432). Let p(y) = -6*y - 90. Determine p(c).
-36
Let k(q) = 5922 - 5910 - 15*q + 17*q. What is k(-6)?
0
Let t(a) = -a**3 - 12*a**2 - 9*a + 11. Let r be t(-14). Let d(k) = -8 + 4*k**2 - 6*k + 530*k**3 - r*k**3 + 5. What is d(-5)?
2
Let v(j) be the second derivative of -j**6/120 - 11*j**5/60 + j**4/24 + j**3/3 - 13*j**2 - 2*j + 52. Let t(u) be the first derivative of v(u). What is t(-11)?
-9
Let k(y) = -2*y + 30. Let w(o) = 10*o**3 + 301*o**2 + 37*o + 226. Let j be w(-30). Calculate k(j).
-2
Suppose 8276 = 4*r + 8196. Let d(h) = 2*h**2 - 46*h + 112. Give d(r).
-8
Let f(n) be the first derivative of -n**4/4 - 5*n**3/3 + n**2/2 + 4*n - 93. Let z(u) = -u + 5. Let q be z(10). Give f(q).
-1
Let a(c) = 0*c**2 + c**3 - 2*c**2 + 6*c**2 - 3 - 5*c**3 + 0*c**2 + 4*c. Let u(x) = -21*x**3 + 21*x**2 + 21*x - 16. Let n(z) = 11*a(z) - 2*u(z). Give n(2).
-5
Let g(m) = m + 10. Let o(p) = -7*p + 143. Let w be o(20). Suppose -2*l = -10*b + 7*b + 23, -2*b - 41 = w*l. Give g(l).
-3
Let h(f) be the second derivative of f**4/6 + 2*f**2 + 2*f. Let m be 48/(-20) - 159/265. Give h(m).
22
Let l = 8823 - 8824. Let h(d) = 29*d**3 + 3*d**2 + 4*d + 2. Give h(l).
-28
Let h = -16 - -33. Let x(l) = l**3 - 8*l**2 - 67*l + 522. Let k be x(8). Let c = h + k. Let a(n) = n**2 + 3*n + 2. Calculate a(c).
20
Let t be (30 + -19)*(-2)/22*-2. Let r(x) be the first derivative of -47 + x + 5/2*x**t. Determine r(-4).
-19
Let x = 487 - 665. Let s = x - -188. Let b(c) = c + 6. Determine b(s).
16
Let f(w) be the second derivative of -w**3/2 - 3*w**2/2 + 3*w - 373. Let h(q) = -q - 3. Let l be h(-7). What is f(l)?
-15
Let q(n) = 3*n - 9. Let m be -1 + (-80)/10 - -11. Suppose m*k - 5*f - 8 = -5, f - 9 = -2*k. Determine q(k).
3
Let t(b) = 15*b - 85. Let j(s) = 47*s - 262. Let f(z) = 2*j(z) - 7*t(z). Give f(6).
5
Let o(g) be the third derivative of -3*g**4/8 + 121*g**3/6 + 3690*g**2. What is o(13)?
4
Suppose 2*w + 70*z = 72*z - 4, 0 = -3*z - 9. Let i(j) be the third derivative of -j**4/24 - 2*j**3 + 9*j**2 + 2*j. What is i(w)?
-7
Let o(f) be the third derivative of -f**6/120 + 275*f**2. Give o(1).
-1
Let s(k) = -k**2 + 17*k - 8. Let h(j) be the third derivative of -j**4/8 - j**3/6 + 190*j**2. Let g(w) = 3*h(w) + s(w). Give g(5).
4
Let s(o) = -o - 7. Let l(v) = 2*v + 39 + v - 11 + v. Let x(n) = 2*l(n) + 9*s(n). Suppose 2*j - 5*z = 11, 2*j - 4*z = 18 - 12. Calculate x(j).
0
Let c(h) = 15*h + 88. Let o(b) = 14*b**2 - 712*b - 107. Let y be o(51). What is c(y)?
13
Let h(l) = l - 6. Let j be h(7). Suppose 32*x = 53*x - 42. Let d(p) = 6*p - 6*p - 2*p**x + j. Calculate d(-1).
-1
Let p(n) = -n**3 - 12*n**2 + 6*n + 14. Let v(a) = -2*a**3 - 23*a**2 + 11*a + 27. Let w be -14 - -14 - 12/(-3). Let f(t) = w*v(t) - 7*p(t). What is f(-8)?
-6
Let t be 4*(26/8 - 3). Let u(b) = -3 - 4 - 14*b - 17*b + 6. Determine u(t).
-32
Let t be (-32)/(-18) + 5 - (-2)/9. Suppose t*i = 26 - 5. Let c(h) be the second derivative of h**4/12 + h**2/2 + 29*h. Determine c(i).
10
Let m(r) = r**3 + r**2 + 3*r + 3. Let h = -37 - -45. Suppose o + 5 = h. Suppose -k + 3*k = -4*x + 4, -5*k = o*x + 4. Determine m(k).
-7
Let o(h) = 80152*h + 4 - 80146*h - 12 - 2*h**2 + 4*h**2. What is o(0)?
-8
Let s = -4595 - -4595. Let k(g) = 3*g + 22. Determine k(s).
22
Let q = -37 - -35. Let n(t) = t**3 - t + 4*t - 26*t**2 + 29*t**2 - 2. Determine n(q).
-4
Suppose -15 = -4*q + 2*v - 27, -4*q = -v + 14. Let f(w) = -4. Let k(m) = -m**2 + m + 18. Let n(z) = 4*f(z) + k(z). What is n(q)?
-18
Let a(j) be the second derivative of -j**6/720 + 17*j**5/120 - j**4/3 - 45*j. Let r(o) be the third derivative of a(o). Give r(11).
6
Let l(f) = -2*f + 7. Let y(k) = -k**2 + 3*k + 12. Let z be y(4). Let g be (-4)/(-8)*-2 + -4 + z. Calculate l(g).
1
Suppose -4*u - 4*r - 1 + 5 = 0, -u + 4 = 4*r. Let j(g) = 5*g - 43. Let p(b) = -2*b - 1. Let m(h) = -j(h) - 2*p(h). What is m(u)?
45
Let t(o) be the third derivative of -o**4/12 - 7*o**3/6 + 18*o**2. Let d be t(-1). Let j(f) be the third derivative of f**4/24 + 3*f**2. Determine j(d).
-5
Suppose 5*c + 5*k + 20 = 9*k, -k = -c - 3. Let m(n) = 8*n**2 + 66*n + 18. What is m(c)?
2
Let m(j) = -j + 15. Suppose -10*g = 12*g - 4*g. Suppose g = 91*a - 82*a - 126. Give m(a).
1
Let v(f) = 24*f**2 + 5 - 9*f**2 + 4*f - 10*f**2 - f**3. Let w(i) = -15*i - 78. Let k be w(-7). Suppose 0 = 6*d - k - 9. Determine v(d).
-7
Let u(l) = 5*l - 24. Suppose -4*o + 5*d = -50, -d + 3 = o + 4. Give u(o).
1
Let q be (3 - 5) + -7 + -1 + 12. Let z(k) = -k**2 + 3*k + 1. Give z(q).
3
Let a(l) = l**3 + 3*l**2 + 3*l + 4. Let d be (-6)/(-5) + 345/25.